et r = 37 - 25. Suppose -3*d + t = -r. What is the units digit of d?
8
Let o(x) = x**2 + 2*x. Let r be o(-2). What is the units digit of (-3 - -4)*(r - -5)?
5
Suppose 2*w - 3*w - 142 = 3*x, 4*x - 5*w + 183 = 0. Let b be 20/(-90) - x/9. Let v(l) = l**2 - 3*l - 1. What is the units digit of v(b)?
9
Let h = 2 - 3. Let j be (h/(-2))/((-2)/(-4)). What is the units digit of j/(((-6)/(-16))/3)?
8
Suppose -20 = -3*q + 7*q. Let i be 18/15*q/(-2). What is the units digit of 2 - i - 4*-1?
3
Let a(d) = d**3 - d**2 + d - 2. Let m be a(2). Suppose 36 = m*q + 4. What is the units digit of q?
8
Suppose -1 = -3*z - 16. Let l = -11 - z. What is the units digit of 12 - 3/((-9)/l)?
0
Let l = 13 + -11. Suppose l*d - 2 = 3*d + 4*f, -d + 4*f = -14. What is the units digit of d?
6
Let k(y) = 12*y**2 - y + 16. What is the hundreds digit of k(-5)?
3
Suppose 0 = 3*t - 6*t - 6. Let r be 5/(1 + t + 2). Suppose 0 = 3*g - r - 10. What is the units digit of g?
5
Let t(j) = 26*j + 31. What is the hundreds digit of t(7)?
2
Suppose 2*a - 22 = 66. What is the tens digit of (-11)/a + 157/4?
3
Let g = -33 + 50. What is the units digit of g?
7
Let j = -62 - -93. What is the units digit of j?
1
Suppose 4 = i - 1. Let x(j) = j**3 - 5*j**2 + 2*j - 5. Let w be x(i). Suppose 0 = u + 4*z - 22, -w*u - 2*z + 20 + 0 = 0. What is the units digit of u?
2
Let n(t) = 2*t**3 + 33*t**2 + 14*t + 2. What is the tens digit of n(-16)?
3
Let q(m) = -m**3 - 4*m**2 - 4*m - 6. What is the tens digit of q(-5)?
3
Suppose 0 = -6*r + 534 + 126. What is the hundreds digit of r?
1
Suppose -5*h + 18 = 3*s - 6*s, s = 4. What is the tens digit of ((-220)/(-15))/(4/h)?
2
Let a = -58 + 109. What is the units digit of a?
1
Suppose 58 = 2*c + 4*g, 4*c - 7*g = -3*g + 92. What is the units digit of c?
5
Suppose -2*k = 2*s - 8, -k + 10 = 4*k. Suppose -5*v - 14 = -2*l + 5*l, s*l - 4*v = 20. Suppose 4*y + l*g - 38 = g, 28 = 4*y - 4*g. What is the units digit of y?
9
Suppose -q + 320 = 4*q. What is the units digit of q?
4
Let a be (-449)/(-2) - 2/4. What is the units digit of a/(-42)*(-3)/2?
8
What is the tens digit of -4 - (-1 + (-4 - 29))?
3
Suppose 5*z = 2*z - g + 17, 0 = 2*z + g - 13. Suppose 70 = z*p - w, 0*w = -4*p + 4*w + 76. What is the units digit of p?
7
Let t(y) = -y. Let q be t(1). Let k = q - -5. Suppose -2 = -k*h + 2, 3*h - 35 = -4*i. What is the units digit of i?
8
Let s = -28 - -59. What is the tens digit of s?
3
Let s = -4 - -37. Suppose -s - 5 = -2*b. What is the units digit of b?
9
Suppose 2*d = -d + 138. Suppose -10 = 3*t - d. What is the tens digit of t?
1
What is the tens digit of (-2)/8 - 315/(-12)?
2
Let r = 8 + -8. Let n = r - -10. What is the units digit of n?
0
Suppose -f + 16 = 3*f. Suppose 1 - 9 = -4*i + f*j, 2*j - 1 = -3*i. What is the units digit of (6*2 - -3)/i?
5
Suppose 0 = 13*i - 11*i - 330. What is the hundreds digit of i?
1
Let k(j) = j**3 + 16*j**2 + 14*j - 18. Let q be k(-15). What is the units digit of (-1)/(q/(174 + 3))?
9
Suppose 159 = 4*a + 47. Let r = 47 - a. Suppose 0 = -3*i + r + 8. What is the units digit of i?
9
Let b = -45 + 198. What is the units digit of b?
3
Let c be ((-63)/6)/(-3)*-4. Let y = 25 + c. Suppose 0 = a - 0 - y. What is the units digit of a?
1
Suppose 3*u - 5 = 7. Suppose -u*o + 3*a + 66 = 2*a, o - 4*a - 24 = 0. What is the tens digit of o?
1
Suppose 18 + 2 = 5*h. Suppose h*c - 5 - 3 = 0. Suppose 5*n = 10, 4*n - 38 = -c*s + 2. What is the tens digit of s?
1
Let n = -44 + 29. Let v be (-2)/(-1) + (-1 - 10). Let c = v - n. What is the units digit of c?
6
Suppose -7*m + 8 = -5*m. Suppose 0 = -3*b + 4*o + 12, -o = 3*b - m - 23. What is the units digit of b?
8
Suppose -2*c = -0*c - 8. Suppose -13 - 3 = -c*m. What is the units digit of m?
4
Suppose -12237 = -19*l - 3972. What is the hundreds digit of l?
4
What is the units digit of (-8)/(-5) + 2/5?
2
Suppose 5*u + 4*c + 11 = 0, 1 = -4*u + 4*c + 21. Let i(x) = 5*x**2 - 2*x - 2 - 2 + 5. What is the units digit of i(u)?
4
Let l(c) = c - 3. Let r be l(0). Let z = r - -5. Suppose z*f = -2 + 4. What is the units digit of f?
1
Suppose 3*y - 5 = -2*w, 5*y = -0*w + 5*w + 25. Let i be (3/(6/38))/1. Let b = i - w. What is the units digit of b?
1
Let p = -3 - -5. Suppose 3*b = -h + 7, p*b + 18 = 2*h + 3*h. Suppose -h = -f - 2. What is the units digit of f?
2
Let g = 3 - -2. Suppose 0 = -2*q + 4*n - 6 + 16, 0 = 5*n - 15. Let s = q - g. What is the units digit of s?
6
Let a(c) = 4*c**2 + c - 3. What is the units digit of a(-4)?
7
Let k = 2 - 1. Let b(l) = 0 - 8*l**3 + 2*l**3 + l - l**3 + k. What is the units digit of b(-1)?
7
Suppose s = -3*s + 16. Suppose -3*t + 3*q = 33, 0*t + t + 2*q = s. What is the units digit of (3 - t/(-3)) + 2?
3
Suppose -6 + 0 = -2*k. Let t = 5 - k. Let d(g) = 2*g + 1. What is the units digit of d(t)?
5
Suppose 0 = 3*l + 2*g - g - 12, 14 = 4*l + 2*g. Suppose j = l*j - 120. What is the units digit of j?
0
Let d be (-1)/(-5) + 89/5. Suppose 6 + d = 3*a. What is the units digit of a?
8
Suppose 0 = -3*q - 3*p + 135, -3*q - 3*p + 138 = -p. What is the tens digit of q?
4
Let i(t) = -43*t**3 - t**2. What is the tens digit of i(-1)?
4
Suppose 4*p + 4*w + 0*w - 4 = 0, 3*w - 3 = 4*p. Suppose p = k + 5*x + 24, -4*k = -5*k - 4*x - 19. What is the units digit of k?
1
Let p = 10 + -31. Let b be 6/p + 4/14. What is the tens digit of (b + 10)*(-9)/(-6)?
1
Suppose -2*t + 11 = -3. Suppose 4*w = 5*f - t, -w = -3*w - 3*f + 13. Suppose 0 = -w*y - 2*y + 20. What is the units digit of y?
5
Suppose 0 = 5*d - 3*l + 105, 0*l - 10 = -2*l. Let w be 3/d + 43/6. Suppose w*p - 4*p = 15. What is the units digit of p?
5
Let z(c) = -2*c - 9. Let p be (-4)/(-22) - (-560)/(-55). What is the units digit of z(p)?
1
Suppose i - 3*z + 11 = -7*z, 36 = 4*i - 4*z. Let s be (-2 + 0)/((-2)/i). What is the units digit of 46/s + 3/(-15)?
9
Let p = -7 + 11. Let h be -1 + 10/(p + -2). Suppose -3*j + 16 = h*n, 3*j + 5 = 3*n + 7*j. What is the units digit of n?
7
Suppose 38 = -3*z + 4*z. What is the units digit of z?
8
What is the tens digit of 12/(-12) + 32/1?
3
Let c = 260 - 122. What is the hundreds digit of c?
1
Suppose -11 = -5*b + 14. Let i = 22 - 10. Suppose 33 = b*v - i. What is the units digit of v?
9
What is the hundreds digit of (-102 - (-2 - -6))/(-1 + 0)?
1
Let p = 23 + -21. What is the units digit of 3 - (1*-50)/p?
8
Let p(z) = z + 1. Let u be p(-2). Let i(f) = -f**2 - 7*f. Let n be i(-6). Let t = u + n. What is the units digit of t?
5
Let h = -7 + 1. Let i(l) = 3*l + 8. Let g be i(h). What is the tens digit of (-216)/g + 4/10?
2
Let v = 2 - 2. Suppose v*r = -r. Suppose r = p - 6*p + 40. What is the units digit of p?
8
Let z = -50 + 52. What is the units digit of z?
2
Let w be 6/21 + 33/7. Let l(h) = -h**3 + 4*h**2 + 6*h - 3. Let b be l(5). Suppose -7 = -w*t - 4*r, 5 = t + b*r + 6. What is the units digit of t?
3
Suppose -2*p = -6*g + 3*g + 68, 3*g = -4*p + 44. Suppose 0*u = -5*u + g. Suppose 12 = -2*v + 4*h, -u*v - 4*h + 1 = -23. What is the units digit of v?
2
Suppose 2*x + 0 - 40 = 0. Suppose a - 51 = -x. What is the units digit of a?
1
Suppose 0 = -4*q - q + 5*m + 25, -3*m - 17 = -4*q. Suppose i - 12 = -q*i + 3*f, 0 = -5*i + f + 12. Suppose -11 = -i*j + 3. What is the units digit of j?
7
Let o = 8 - 17. What is the tens digit of 40/5*o/(-6)?
1
Suppose r + 5 = -4*r. What is the units digit of -14*12/(-8) - r?
2
Let t(w) = -w**3 - 9*w**2 - 9*w + 25. What is the units digit of t(-10)?
5
Let z = -19 - -27. Suppose -2*r = -0*r - z. Suppose -20 = -6*i + r*i. What is the tens digit of i?
1
Let r = 57 - 13. What is the units digit of r?
4
Suppose 5*a = -5*k + 5, -4*k + 5*a - 12 = -2*k. What is the tens digit of (4/8)/(k/(-22))?
1
Let k = 62 - -55. What is the units digit of k?
7
Let q(t) = t + 4. Let u be q(-5). Let h = 0 - u. Let f = 4 + h. What is the units digit of f?
5
Let r = 44 + -14. Suppose t + r = 4*t. What is the units digit of t?
0
Let n be (-30)/12 + 2/4. Let a = n + 4. Suppose -a*m + 28 = 2*m. What is the units digit of m?
7
Let x(j) = j**2 + 10*j + 6. Let d be x(-7). Let m = d + 36. What is the units digit of m?
1
Let s be 3 + (-2)/((-4)/(-2)). Let o = -10 - -11. What is the units digit of 5 + (s + o - 1)?
7
Let a = 3 - 1. Suppose -2*m = 4*z - 28, -z + a = 3*m - 5*z. What is the units digit of m?
6
Let n be (-3)/(-2*(-6)/184)